1806
Calculate the remainder when 3235000 is divided by 1835.
1730
Calculate the remainder when 1842627 is divided by 460399.
1031
What is the remainder when 124939 is divided by 124917?
22
Calculate the remainder when 28025888 is divided by 2425.
163
Calculate the remainder when 18082 is divided by 748.
130
What is the remainder when 2619120 is divided by 130956?
0
Calculate the remainder when 1215438 is divided by 303576.
1134
What is the remainder when 2457642 is divided by 34?
20
What is the remainder when 357908 is divided by 903?
320
Calculate the remainder when 26693223 is divided by 1495.
1493
Calculate the remainder when 6301780 is divided by 3150884.
12
What is the remainder when 5020843 is divided by 1126?
9
Calculate the remainder when 11450734 is divided by 99.
97
Calculate the remainder when 33282980 is divided by 243.
242
Calculate the remainder when 499261 is divided by 13868.
13
Calculate the remainder when 311567 is divided by 890.
67
What is the remainder when 58066396 is divided by 36?
16
Calculate the remainder when 111970016 is divided by 501.
23
What is the remainder when 18992638 is divided by 160?
158
Calculate the remainder when 115465283 is divided by 332.
331
Calculate the remainder when 2105 is divided by 1032.
41
Calculate the remainder when 61972352 is divided by 61.
12
What is the remainder when 724620 is divided by 12077?
0
Calculate the remainder when 9142743 is divided by 430.
83
What is the remainder when 55859 is divided by 955?
469
What is the remainder when 3542824 is divided by 402?
400
Calculate the remainder when 284349 is divided by 563.
34
Calculate the remainder when 851887 is divided by 70982.
103
Calculate the remainder when 6300690 is divided by 2100228.
6
Calculate the remainder when 3599826 is divided by 420.
6
Calculate the remainder when 2954170 is divided by 991.
990
Calculate the remainder when 18804138 is divided by 3847.
2
Calculate the remainder when 331429669 is divided by 583.
582
Calculate the remainder when 5745962 is divided by 66.
2
What is the remainder when 7282092 is divided by 3640635?
822
What is the remainder when 76768779 is divided by 102?
9
Calculate the remainder when 971086 is divided by 12148.
11394
Calculate the remainder when 33618 is divided by 87.
36
Calculate the remainder when 356987 is divided by 1293.
119
What is the remainder when 118311 is divided by 46?
45
What is the remainder when 46894549 is divided by 70?
9
What is the remainder when 488102 is divided by 2468?
1906
What is the remainder when 623314 is divided by 582?
574
What is the remainder when 16577 is divided by 247?
28
What is the remainder when 2262945 is divided by 125719?
3
Calculate the remainder when 108947431 is divided by 3101.
3099
Calculate the remainder when 472518 is divided by 17500.
18
What is the remainder when 41152 is divided by 40979?
173
What is the remainder when 1008076 is divided by 126006?
28
What is the remainder when 54285092 is divided by 17?
12
Calculate the remainder when 278477 is divided by 56.
45
Calculate the remainder when 107017 is divided by 3452.
5
Calculate the remainder when 172757120 is divided by 973.
970
What is the remainder when 14819364 is divided by 211705?
14
What is the remainder when 259908 is divided by 396?
132
What is the remainder when 3329797 is divided by 43813?
9
Calculate the remainder when 1883385 is divided by 670.
15
What is the remainder when 679392 is divided by 226463?
3
What is the remainder when 287476 is divided by 4436?
3572
What is the remainder when 5081209 is divided by 5081196?
13
What is the remainder when 422561600 is divided by 436982?
6
What is the remainder when 74210357 is divided by 71979?
8
Calculate the remainder when 13908 is divided by 6827.
254
Calculate the remainder when 38643 is divided by 2879.
1216
Calculate the remainder when 231102 is divided by 6630.
5682
Calculate the remainder when 4250515 is divided by 360.
355
What is the remainder when 12083 is divided by 524?
31
Calculate the remainder when 545876 is divided by 998.
968
Calculate the remainder when 828715 is divided by 14.
13
Calculate the remainder when 2154015 is divided by 3000.
15
What is the remainder when 1707172 is divided by 381?
292
Calculate the remainder when 28236 is divided by 14033.
170
What is the remainder when 490178 is divided by 1871?
1847
What is the remainder when 7019233 is divided by 453?
451
Calculate the remainder when 204690389 is divided by 422042.
19
What is the remainder when 8894666 is divided by 38505?
11
What is the remainder when 127738618 is divided by 270?
268
Calculate the remainder when 214568 is divided by 2303.
389
Calculate the remainder when 44186 is divided by 3421.
3134
What is the remainder when 3062581 is divided by 122503?
6
What is the remainder when 1702716 is divided by 226?
32
What is the remainder when 4160567 is divided by 260035?
7
What is the remainder when 1033888 is divided by 68?
16
Calculate the remainder when 37031 is divided by 17791.
1449
What is the remainder when 8249 is divided by 344?
337
Calculate the remainder when 1520457 is divided by 3603.
3594
Calculate the remainder when 201054952 is divided by 405.
397
Calculate the remainder when 2817200 is divided by 156.
152
Calculate the remainder when 89431 is divided by 448.
279
What is the remainder when 1457280 is divided by 329?
139
Calculate the remainder when 149714 is divided by 24131.
4928
What is the remainder when 264341 is divided by 33013?
237
What is the remainder when 3205158 is divided by 563?
562
Calculate the remainder when 4216465 is divided by 3241.
3165
Calculate the remainder when 437251 is divided by 72866.
55
Calculate the remainder when 836360 is divided by 1383.
1028
What is the remainder when 2389798 is divided by 2508?
2182
Calculate the remainder when 1972078 is divided by 1534.
888
Calculate the remainder when 6403518 is divided by 23456.
30
Calculate the remainder when 204983 is divided by 517.
251
Calculate the remainder when 60917 is divided by 60889.
28
What is the remainder when 1864291 is divided by 270?
211
Calculate the remainder when 43659158 is divided by 124.
122
What is the remainder when 31649789 is divided by 2357?
2350
Calculate the remainder when 228955 is divided by 158.
13
What is the remainder when 694240 is divided by 238?
232
What is the remainder when 1849182 is divided by 5689?
257
Calculate the remainder when 673752 is divided by 44776.
2112
What is the remainder when 167841543 is divided by 947?
945
Calculate the remainder when 25283 is divided by 24973.
310
What is the remainder when 789616 is divided by 436?
20
What is the remainder when 400649199 is divided by 2975?
2974
What is the remainder when 42691 is divided by 8191?
1736
Calculate the remainder when 1508040 is divided by 992.
200
Calculate the remainder when 209636532 is divided by 9658.
9642
Calculate the remainder when 2233615 is divided by 112.
111
Calculate the remainder when 2201679 is divided by 816.
111
Calculate the remainder when 66011163 is divided by 19.
14
Calculate the remainder when 47420039 is divided by 604.
603
What is the remainder when 9959574 is divided by 12131?
23
Calculate the remainder when 979502 is divided by 410.
12
What is the remainder when 6510739 is divided by 3176?
3115
Calculate the remainder when 8662425 is divided by 57.
21
What is the remainder when 935704 is divided by 20?
4
What is the remainder when 3272935 is divided by 348?
343
Calculate the remainder when 124897 is divided by 5351.
1824
What is the remainder when 156804 is divided by 256?
132
Calculate the remainder when 24884428 is divided by 65.
23
Calculate the remainder when 7910480 is divided by 439470.
20
What is the remainder when 5972452 is divided by 337?
138
What is the remainder when 22046694 is divided by 164?
10
Calculate the remainder when 4772286 is divided by 285.
246
What is the remainder when 456871 is divided by 19032?
103
Calculate the remainder when 1891993 is divided by 473.
466
Calculate the remainder when 103420 is divided by 20611.
365
Calculate the remainder when 64996081 is divided by 23922.
7
What is the remainder when 209142 is divided by 290?
52
Calculate the remainder when 32426750 is divided by 136.
134
Ca